1
Calculate the greatest common factor of 12 and 567282.
6
What is the highest common factor of 10 and 170530?
10
Calculate the greatest common divisor of 780 and 2120.
20
Calculate the greatest common divisor of 6192 and 8649.
9
Calculate the greatest common factor of 90 and 22255.
5
Calculate the highest common divisor of 415314 and 54.
54
Calculate the greatest common divisor of 116 and 3946204.
116
Calculate the highest common factor of 322 and 8832.
46
Calculate the greatest common factor of 2632 and 1136.
8
What is the highest common factor of 350 and 18214?
14
What is the greatest common divisor of 96760 and 177?
59
Calculate the highest common divisor of 746 and 3500232.
746
Calculate the greatest common divisor of 1148 and 2419.
41
Calculate the greatest common divisor of 4576 and 286416.
208
What is the highest common factor of 4136 and 265738?
1034
What is the highest common divisor of 1594627 and 523?
523
What is the highest common factor of 40186 and 7242?
142
What is the greatest common factor of 833304 and 108?
12
Calculate the greatest common divisor of 423317 and 12580.
629
What is the greatest common factor of 19123 and 26?
13
What is the highest common divisor of 685 and 6815065?
685
What is the greatest common factor of 136025 and 250?
25
What is the highest common divisor of 350250 and 27?
3
Calculate the highest common factor of 16000 and 923200.
1600
Calculate the greatest common divisor of 11773 and 5211.
193
Calculate the highest common factor of 189 and 10899.
63
What is the greatest common divisor of 125034 and 637?
91
What is the highest common divisor of 13622972 and 44?
44
What is the highest common divisor of 1300922 and 602?
602
What is the greatest common divisor of 477 and 954424?
53
Calculate the highest common divisor of 559 and 611.
13
Calculate the highest common factor of 1196 and 267352.
92
What is the highest common factor of 449344 and 544?
544
Calculate the highest common divisor of 6876 and 576.
36
What is the highest common factor of 36 and 3632?
4
Calculate the highest common factor of 41695 and 2945.
155
Calculate the greatest common divisor of 1673 and 2340527.
1673
Calculate the greatest common divisor of 441732 and 1048.
524
Calculate the highest common factor of 14272 and 7744.
64
Calculate the greatest common divisor of 1494 and 216.
18
Calculate the greatest common divisor of 89184 and 1824.
96
Calculate the highest common divisor of 27999 and 10980.
549
What is the greatest common divisor of 1442 and 20258?
14
What is the highest common factor of 47886 and 46?
46
What is the highest common factor of 230432 and 665?
19
Calculate the greatest common divisor of 2385 and 8918310.
795
What is the greatest common factor of 13122 and 216?
54
Calculate the greatest common divisor of 2460 and 145.
5
What is the greatest common divisor of 130 and 4474730?
130
What is the greatest common divisor of 12679 and 775?
31
What is the highest common divisor of 4224 and 1782?
66
What is the highest common factor of 608 and 187739?
19
Calculate the greatest common divisor of 39 and 2187822.
39
Calculate the greatest common divisor of 460 and 4820.
20
Calculate the greatest common factor of 8 and 2984.
8
Calculate the highest common factor of 20791 and 187.
17
What is the greatest common divisor of 110 and 44550?
110
What is the highest common divisor of 106161 and 473?
11
What is the highest common factor of 162 and 38172?
6
What is the greatest common divisor of 52318 and 518?
518
What is the highest common divisor of 4350 and 79950?
150
What is the greatest common divisor of 9 and 1680030?
9
Calculate the highest common factor of 70782 and 1269.
141
What is the greatest common divisor of 96062 and 43?
43
What is the highest common factor of 1223585 and 55?
55
What is the greatest common divisor of 1497928 and 4520?
904
Calculate the greatest common factor of 322 and 78218.
14
Calculate the greatest common factor of 127567 and 583.
11
What is the highest common divisor of 16908 and 84?
12
Calculate the greatest common factor of 313196 and 38.
38
Calculate the greatest common divisor of 5232 and 3706.
218
Calculate the highest common divisor of 986 and 1598.
34
What is the greatest common factor of 289340 and 140?
20
What is the greatest common divisor of 155 and 4462915?
155
What is the greatest common factor of 35 and 1718752?
7
What is the highest common divisor of 478 and 1500203?
239
Calculate the greatest common factor of 342016 and 96.
32
What is the highest common factor of 832 and 14599?
13
Calculate the greatest common factor of 147 and 1162.
7
Calculate the highest common factor of 1377 and 520659.
153
Calculate the greatest common divisor of 40287 and 546.
39
What is the greatest common divisor of 341082 and 35?
7
Calculate the highest common divisor of 70 and 7605.
5
Calculate the greatest common divisor of 22638 and 1568.
98
Calculate the greatest common factor of 476 and 133756.
476
What is the highest common factor of 735 and 6517?
49
Calculate the highest common divisor of 3902990 and 910.
910
Calculate the highest common factor of 22 and 46607.
11
Calculate the highest common factor of 12152 and 153016.
248
What is the greatest common divisor of 105905 and 295?
295
Calculate the highest common factor of 280 and 1896.
8
What is the greatest common divisor of 58986 and 63?
9
Calculate the highest common factor of 139624 and 124.
124
What is the highest common factor of 55126 and 1118?
86
Calculate the highest common divisor of 43380 and 1620.
180
What is the greatest common divisor of 3431 and 1551?
47
What is the greatest common factor of 43080 and 240?
120
Calculate the greatest common divisor of 748200 and 435.
435
What is the highest common factor of 108284 and 10028?
92
What is the greatest common divisor of 194854 and 374?
374
What is the greatest common factor of 4 and 6608308?
4
Calculate the greatest common factor of 50917 and 3452.
863
Calculate the greatest common divisor of 354119 and 899.
29
Calculate the highest common divisor of 344 and 317469.
43
What is the highest common divisor of 61377 and 123?
123
Calculate the highest common factor of 3448476 and 54.
18
Calculate the greatest common divisor of 523081 and 117.
13
What is the greatest common factor of 75495 and 1365?
105
Calculate the highest common divisor of 1176 and 3526824.
1176
Calculate the greatest common divisor of 19240 and 109720.
520
What is the greatest common factor of 3360 and 208?
16
What is the greatest common divisor of 30628 and 6479?
589
Calculate the highest common divisor of 1196 and 48116.
92
Calculate the greatest common factor of 26082 and 164052.
378
What is the greatest common factor of 535307 and 68499?
2537
Calculate the highest common divisor of 10240 and 4168.
8
Calculate the greatest common divisor of 1475 and 725.
25
Calculate the greatest common factor of 7087 and 1444.
19
Calculate the greatest common divisor of 105 and 114135.
105
Calculate the greatest common factor of 1120405 and 715.
715
What is the greatest common factor of 2430 and 3507840?
270
What is the greatest common factor of 600 and 56370?
30
Calculate the greatest common factor of 106 and 25546.
106
What is the highest common divisor of 60 and 3620?
20
What is the greatest common divisor of 3666 and 858?
78
Calculate the highest common factor of 24983 and 86.
43
Calculate the greatest common factor of 68 and 934422.
34
Calculate the greatest common factor of 729 and 378.
27
Calculate the highest common factor of 12 and 2779332.
12
What is the highest common factor of 45815 and 238?
119
What is the greatest common factor of 31067 and 188?
47
What is the greatest common factor of 1190 and 1359830?
170
What is the highest common factor of 6464 and 50096?
1616
What is the highest common divisor of 110955 and 195?
195
Calculate the highest common divisor of 1792 and 29316.
28
What is the greatest common factor of 220 and 1660?
20
Calculate the greatest common factor of 598 and 27170.
26
Calculate the greatest common factor of 316940 and 520.
260
What is the greatest common divisor of 549678 and 6657?
951
What is the highest common factor of 2240 and 43568?
112
Calculate the highest common divisor of 2904 and 261426.
66
What is 